ppose -x + 2 + 2 = 0. Suppose -5*m + 48 = 4*a, -x*m + 28 = -a - 2. Is (424/(m/(-2)))/(-2) composite?
False
Let s(c) = 3495*c**2 - 4*c - 20. Is s(5) a composite number?
True
Let g = -2681 - -4574. Is g composite?
True
Suppose -19*r = -24*r + 3750. Is r - 4/(12/(-9)) a prime number?
False
Let q(d) = 23*d + 75. Is q(14) prime?
True
Let o(z) = 78*z**2 - z. Let w = -20 + 25. Suppose -w*j = -25, 5*n - j - j + 5 = 0. Is o(n) a composite number?
True
Suppose 5*d - 1037 = 763. Let g = 720 - 395. Let t = g + d. Is t composite?
True
Suppose -2*z + 23185 = -3*p, -15*p = z - 17*p - 11591. Is z prime?
True
Let v be 2/11 + (-360)/165. Is 2 + v*(-441)/6 prime?
True
Let y(b) = 4*b + 6. Let x be y(-4). Let p = x + 8. Is -1*(p + -82 - -1) a composite number?
False
Let z(f) = 1073*f**3 - 2*f**2 - 3*f + 14*f + 3*f**2 - 10*f - 2. Is z(1) a composite number?
True
Suppose 0 = -j + 5*h + 3429, 5*h - 17085 = -7*j + 2*j. Is j a composite number?
True
Suppose 878 - 122 = -6*z. Is (-7362)/z + 6/(-14) prime?
False
Let w = -6491 - -9370. Is w a composite number?
False
Suppose 0 = -27*r + 31*r - 28. Suppose z + r = -2. Let t(p) = -99*p + 4. Is t(z) a prime number?
False
Suppose -2*p + 1490 = -4*s - 1336, 4*s - 3*p = -2831. Let h = 1033 + s. Is h a composite number?
True
Let v(u) = u**3 - 11*u**2 - 10*u + 2. Let w be v(17). Let y = 2575 - w. Is y a prime number?
True
Let o be (2 - 47) + 4 + -4. Let l = o + 39. Is l/4*29024/(-48) a composite number?
False
Let z = 2 + 0. Suppose -2*g - 3*y + 448 = 0, z*g - 432 = 3*y + 2*y. Is g composite?
True
Let g be -830 + (-3 - (-1 - 5)). Let o = 2994 - g. Is o a composite number?
False
Let q = -108 + 100. Is q/(-2) - ((-16)/(-4) + -263) a composite number?
False
Let t(f) = f**2 + 8*f - 11. Let n be t(-9). Is n/((-16)/(-298))*-4 prime?
True
Let h(d) be the third derivative of -d**5/12 + 3*d**4/8 + 17*d**3/6 + 5*d**2. Let z(k) = 2*k**2 - 3*k - 6. Let s(l) = 3*h(l) + 8*z(l). Is s(-4) a prime number?
True
Suppose -25*i + 59733 = -16*i. Is i composite?
False
Suppose 3*n - 3 = 0, f = 5*f - 3*n + 39. Is -2 - -451 - (-9 - f) a prime number?
True
Let x(h) = h**3 + 16*h**2 + 7*h - 18. Let v be x(-9). Suppose v = z - p, -4*z + 1428 = -z + 3*p. Is z a composite number?
True
Suppose 0 = -3*t - t + 48. Suppose 6*n - t = 2*n. Suppose 0*w = -n*w + 30. Is w a composite number?
True
Let y(b) = 2*b**3 - 6*b + 4*b - 3*b**3 - 8*b**2 + 4. Let w be y(-8). Suppose -73 = -d - w. Is d composite?
False
Let z = -864 - -1753. Is z a composite number?
True
Suppose -2*t + 2 = -4. Suppose -3*g + h + 131 = 0, 0 = t*g - 4*h + 2*h - 136. Suppose -4*a + 0*a = 4*i - 32, g = 4*a - i. Is a composite?
True
Let z(h) = 14*h**3 - h**2 + 3*h + 4. Let a be z(-3). Suppose 611 = 6*y + 2021. Let q = y - a. Is q composite?
False
Suppose -k + 5*z - 6780 = -5*k, 3*z = 5*k - 8475. Let x = 6 + -3. Suppose x*j - k = -2*j. Is j prime?
False
Let x = -5 + -7. Let i = 329 + -314. Let d = i + x. Is d prime?
True
Let f be (-506)/(-66) + 2/6. Suppose f*p - 13*p = -6415. Is p a prime number?
True
Let q(j) = j**3 - j**2 - 1. Let y(u) = -4*u**3 + 3*u**2 + u - 2. Let p(m) = m**3 + m**2 - m. Let f(l) = 3*p(l) + y(l). Let s(x) = f(x) + 2*q(x). Is s(3) prime?
True
Let h(b) = -12*b - 3. Suppose 3 = x + 1. Let i be h(x). Let n = i + 64. Is n composite?
False
Let l be 42/70*1005*1. Suppose 9*s = 6*s + l. Is s a composite number?
True
Suppose 0 = 42*y - 39*y - 6. Is (9279/9)/(y + -1) composite?
False
Is (1 + 1)*-2*70828/(-16) composite?
False
Let c = -207 + 366. Is c a composite number?
True
Let o(b) = -b**3 - b - 2. Let a be o(-1). Suppose -h - y = -118, 5*h + 2*y - 385 - 196 = a. Is h a composite number?
True
Suppose 0 = 2*b - l + 370 + 114, 2*l = 3*b + 725. Let c = 580 + b. Is c a prime number?
True
Let o(k) = -2 - 21*k + 8 + 0. Let v be o(-3). Suppose 4*b = 559 + v. Is b a prime number?
True
Let f(o) = 4*o**2 - 36*o - 9. Is f(11) a composite number?
False
Suppose y + 2*y = 2*z + 2, 3*z = 5*y - 3. Let b = 306 - z. Is b a prime number?
True
Suppose -3*w = -2*y - 21, 0*w - 5*y - 5 = 2*w. Suppose -3188 + 33 = -w*v. Is v composite?
False
Let n(w) = -1477*w - 6. Let q be n(-3). Suppose -y = -0*y + g - 893, 5*y - 5*g - q = 0. Is y a prime number?
False
Suppose -5*u - 2*w = -3*u - 3012, -4*u - 5*w = -6019. Is u prime?
True
Suppose 4*p + 3*q = 12542, 14*q - 6266 = -2*p + 10*q. Is p a prime number?
True
Let s be (-1 - -23)*-2*(-478)/8. Suppose -3*g + 2912 = -s. Is g a prime number?
True
Suppose 14*z = 9*z. Suppose 3*l - 2*l = z. Suppose l = 2*n + 2*c - 842, n - 2*c = 3*c + 397. Is n composite?
True
Is (-59308)/(-16) + 4/16 composite?
True
Let q = -10 + 2. Let d = 6 + q. Is 1/2*(664 + d) prime?
True
Let v = 468 + -260. Suppose 0 = -2*w + 706 + v. Is w/9 + 20/90 a composite number?
True
Let g be (292/5)/((-2)/(-10)). Let n be -3 + 3 + 0 + g. Let p = 419 - n. Is p a prime number?
True
Suppose 2*a + 3*y + 67 = 6*y, -5*a - 178 = 3*y. Let i be -1 + -1 - -4 - a. Let b = 14 + i. Is b composite?
True
Let u(s) = 4*s**2 - s + 269. Is u(38) composite?
False
Suppose n = 3*f - 73756, 6*f - 9*f + 73776 = 3*n. Is f prime?
False
Suppose -46 = 4*r + 70. Let k = r + 9. Is ((-30)/k)/(1/74) a prime number?
False
Let u(b) = 3*b + 10. Let m be u(-8). Let o be (4/6)/(m/21). Is (30/24)/(o/(-212)) a composite number?
True
Let j(p) = -3*p + 1 + 25*p + 12*p + 29*p**2. Is j(8) a composite number?
False
Let r(z) = 5*z - 5. Let j be r(2). Let l be -3 + j - (-6)/3. Suppose -w + 3*b + 116 = 0, 3*b + l = 1. Is w prime?
True
Let a = -6 + 6. Suppose -5*t - 3*l = -30, -l - 5 = -t + 1. Is t + (0 - a - 0) a prime number?
False
Is -1 + 16648 - (-15 + 25) composite?
True
Suppose 3*q - 3*p + 4*p = 38063, -5*q - p = -63441. Is q a composite number?
False
Suppose -h + 6*h + 26389 = 3*m, -m = -2*h - 8797. Suppose 2*l + 4*o - 3450 = 0, -1841 = 4*l - 5*o - m. Is l a composite number?
False
Suppose -10*r + 35867 = -5903. Is r a composite number?
False
Let y(n) = 565*n**2 - 9*n + 7. Is y(1) a prime number?
True
Let m be 1 + (-321 - (5 + -4)). Is (-3)/(18/14)*m prime?
False
Let r(z) = -83*z + 13. Suppose -3*x - 5*i = 24, -9 = -2*x + 7*i - 2*i. Is r(x) a prime number?
False
Let r = 953 - -3446. Is r composite?
True
Suppose -3*f + f + 2646 = 0. Suppose -f = 3*z + 1344. Let a = -624 - z. Is a composite?
True
Suppose 1191 + 1086 = 3*o. Suppose 5*c - 3725 = 4*b, o = c - b + 3*b. Is c prime?
False
Let o(t) = -t**3 - 6*t**2 - 6*t + 7. Let i be o(-5). Let q = -14 + i. Is 47/q*(7 + -9) a prime number?
True
Suppose 3818 - 1116 = 4*g - 3*b, 2*g - 2*b = 1350. Suppose -k = -0*k + 454. Let i = k + g. Is i composite?
False
Suppose 2*m = 2*l - 12, -3*l = 2*l - 4*m - 31. Let d = l + -7. Let s(p) = p**3 + p**2 + p + 209. Is s(d) a composite number?
True
Let t = -667 + 1232. Is t a prime number?
False
Suppose 10 = 16*w - 14*w. Suppose 1535 = -0*n + w*n. Is n prime?
True
Let s be 5*((-28)/(-20) + -1). Let f be 0/(0 - (s - 1)). Suppose -2*o + 22 + 8 = f. Is o composite?
True
Suppose r - 4*t = 5*r - 22208, 0 = 2*r + 5*t - 11089. Is r composite?
False
Let o be ((-42)/(-90)*5)/(2/6). Suppose -5*v - c + 445 = 0, -11*v = -o*v - 3*c - 356. Is v a prime number?
True
Let a(u) = u**3 - 15*u**2 + 16*u - 33. Let l be a(14). Is 3 - (-16964)/20 - (-1)/l a prime number?
False
Let d(w) = 23*w**2 + 20*w + 53. Is d(-10) a prime number?
True
Let a(i) = -1 - 2*i - 4*i**3 + 115*i**3 - i**2 + 2*i. Is a(2) a composite number?
False
Suppose 4*o = -2*l + 6464, 0 = 4*l - 0*l + 5*o - 12943. Is l composite?
True
Suppose 298*u - 47634 = 292*u. Is u a composite number?
True
Let d = -25901 - -172912. Is d composite?
False
Let f(o) = 39*o + 78. Let m be f(-2). Suppose 7*u = 3*u + 2648. Suppose m*h = -2*h + u. Is h a prime number?
True
Let b(f) = f + 12. Let o be b(-8). Suppose 0 = -5*x - o*w + 294, -5*x = -0*w - 2*w - 288. Suppose -4*g + x = -586. Is g prime?
False
Is (-45)/(-6)*(-2276)/(-10) prime?
False
Suppose 3*z + 804 = d, 0*z = 3*z + d + 804. Let k = 104 - 691. Let v = z - k. Is v composite?
True
Let y = -30 - -49. Suppose -y - 89 = -4*n. Suppose 4 = 4*a + k - n, 5*k = -4*a + 11. Is a composite?
True
Suppose -2 = -v - 0*v + 5*y, 2*y = -2*v - 44. Let z(u) = -u**3 - 19*u**2 - 19*u + 4. Is z(v) a prime number?
False
Let x = 44676 - 29378. Is x a prime number?
False
Let c(b) = -113*b - 13. Let g(s) = -2*s**2 